te 36 - (-25 + 22 + 24) - 24.
-9
-5 + -33 - (205 - 232)
-11
What is the value of -515 + 351 - (4 - 141)?
-27
What is the value of -19 + -1 - ((97 - 122) + 42)?
-37
Evaluate 33 + -6 + -1 + 16 + 9 + -11.
40
Evaluate (5 - ((3 - -1) + -3)) + (-90 - -95).
9
Evaluate 0 - (-11 + -11 + 26 + -2 + -11) - 43.
-34
Evaluate (-1 - -4) + (11 + 1 - ((-69 - -148) + -29)).
-35
49 + -49 - (3 + -6 - -14)
-11
3 - (3 - (-5 - -8) - (24 + -34))
-7
Evaluate -14 + (-19 + 2 + 46 - 3) - (96 - -3).
-87
Evaluate 13 + -20 + (-97 - -44).
-60
Calculate -116 - (14 + 10 + -86).
-54
Calculate 49 + (59 - 96 - 132).
-120
-89 + 47 - (-141 + 91)
8
Calculate 3007 - 2928 - (155 - 2).
-74
What is the value of 3 + 1 - (-28 - (-4 + 10 + -8))?
30
(-65 + -1 - (5 - 4)) + (36 + -6 - 19)
-56
Calculate (-16 - (-27 - -3)) + -3 - 9.
-4
20 + (21 - ((0 + 15 - 3) + -2))
31
What is the value of -64 + ((-38 - -46) + 30 - 56)?
-82
Evaluate (81 - (53 - -3)) + 55.
80
What is -5 + -11 + (30 - 28) + -3 + 15?
-2
Evaluate -9 + 66 + -67 + 15.
5
10 + (5 - 20) + -13 + 38 - (-6 + -3)
29
1 - (13 + 0 + -75 + 47 + 8)
8
(-2 + 4 - -9) + -22 + 29 + -50 + 82
50
Evaluate -42 + 15 + (0 - 64) + 94.
3
Evaluate 8 + -1 + -5 + -12 + (31 - 21).
0
2 + (17 + -34 - -5) + (25 - -2)
17
(15 - -54) + (-20 - -10) + 24
83
What is -2 - 0 - -8 - ((-33 - -64) + 15 - 77)?
37
What is -7 - -3 - (-233 + 195)?
34
Evaluate 14 - ((46 - 46) + (5 - 3) + 0 + 0).
12
Calculate (-10 - ((-3 - -69) + -164 + 147)) + 3.
-56
Calculate (-39 - -26) + (-74 - -99) - (-2 - (-109 - -2)).
-93
Evaluate -100 + ((7 - 9 - -19 - 15) + -9 - 9).
-116
What is the value of (-37 + 43 - (41 - 26)) + (-13 - 0 - 0)?
-22
What is 23 + -66 - -24 - -35?
16
Calculate -13 + 22 + (22 + -14 - 29).
-12
Calculate 34 - (62 + -43 + 52).
-37
Evaluate -16 + 1 - (-13 + 4 + 5) - (23 + 0).
-34
What is 17 + (-10 + -10 + 3 - 100) + (-1 - -9)?
-92
What is the value of (-3 - (25 - 39) - (28 + -3)) + -18?
-32
Evaluate -46 - ((-18 - (-7 - (-12 + 4))) + 17).
-44
Calculate 30 + 2 + (-34 - (37 + -62)) - (-1 + 2).
22
Calculate -65 + (0 - (-27 - 4)) + (-1 - -18).
-17
Evaluate (-98 - -142 - 73) + -3.
-32
What is the value of -29 + (20 + -37 - -13) + 25?
-8
-300 - -291 - (-67 + -9 + 7)
60
Calculate -4547 - -4438 - (4 + -5 + -25).
-83
Evaluate -40 + 15 + 19 - 27.
-33
What is -2 + (5 - 14 - 6 - (21 + -5))?
-33
22 - ((42 - -7) + -37 - (13 + 0))
23
Calculate -1 + 14 - (59 + (-42 - (11 + -38))).
-31
What is the value of (4 - -1) + -7 + -2 + (137 - 120)?
13
Evaluate -92 + 15 + 43 + -6.
-40
Calculate 41 + 1 + 3 + 24.
69
Evaluate -75 + 26 - (9 - -3).
-61
-90 - (15 + (4 - -10) - 43)
-76
What is the value of -8 + (34 - 13) - 4 - (43 + 0)?
-34
What is the value of -138 - (-105 + (-83 - -151))?
-101
What is 3 + (0 - (-2 - -6)) + -54 - (1765 - 1754)?
-66
Evaluate 22 + 49 + (-214 - -135).
-8
Evaluate 27 - 15 - -5 - 16.
1
Calculate 6 + 2 + -13 + 9 + -6 + -67.
-69
(-87 - (-18 + -73)) + (-1 - 21)
-18
What is (2 - (-13 + -3)) + (798 - 782)?
34
-6 + (10 - -12) + -1 + 19 + 12
46
Evaluate 64 + 3 + -1 + 5 - (114 + -101).
58
-3 + -21 - ((-52 - -95) + -44)
-23
-3 + -24 - ((0 + -1 - -16) + (-1944 - -1930))
-28
What is -1 - -42 - (-27 + 129 - 93)?
32
What is the value of 74 + -3 - (-21 + (1 - -15))?
76
Calculate -53 + 114 + -11 + -7 + 2 + -12.
33
Calculate 37 + -38 + (1 - 21) - -15.
-6
Calculate -24 + ((12 - -16) + -15 - ((4 - 1) + -3)).
-11
What is 0 - (-6 + 89) - (21 + -13 - (1 - -1))?
-89
Evaluate 8 + -1 + (-1878 - -1816) - (-1 - 7).
-47
What is the value of 67 - (60 - 58 - -44)?
21
What is (-869 - -832) + (-4 - 7)?
-48
What is 55 + -5 + (-5 - -17) + 9 + -16 + 13?
68
-13 + 14 + -9 + -21 + 18 + -28
-39
7 - (-37 + 11 + 4 - -6)
23
-8 + -5 - (29 + (2 - 39))
-5
What is 10 + (16 + -4 - 9) + -1 - 27?
-15
Evaluate 2 + -35 + 4 - (868 + -1005).
108
3421 + -3320 + (-3 - -1 - 1) + -11
87
Calculate (-3 - 0) + -1 + (-32 + 11 + -21 - 1).
-47
Calculate (15 - (5 - -7)) + (8 - 3 - 28).
-20
What is -21 + 1 - (16 - 51) - (0 + 126)?
-111
What is the value of 1 - 45 - (-125 + 100)?
-19
(-105 - (-16 + -46 + -7)) + -25 + 1
-60
Calculate -5 + (-73 - 1) - ((6 - 32) + 17).
-70
What is the value of (-13 - -2) + (24 - 42 - -127 - 19 - -18)?
97
Evaluate (9 - (6 + 17)) + 8 + -73.
-79
143 - (28 - -22) - 70
23
-116 + (144 - (-27 - -4))
51
(-23 - (-82 - -29)) + 10
40
Evaluate (0 + -5 - 8 - (-1 - -3)) + -24.
-39
-2 - (0 + 1 + -31 + (504 - 509))
33
(3 - -8) + -815 + 752
-52
52 - (15 + 9 + -25)
53
What is the value of (-11 + (9 - 23) - -39) + 67 + 1?
82
Evaluate 3 - (-20 + 29 + 6 + -84).
72
Calculate -37 + (5 + -3 - 3) + (-36 + 35 - 6).
-45
What is 174 - (128 - (67 - 29))?
84
Evaluate 20 + (18 - 71) - -21.
-12
Calculate 62 - (-34 + 51 - -15).
30
What is (17 - (-7 - -79)) + -22 - (1 - (0 + 3))?
-75
23 + 11 + 15 - 34 - 59
-44
Evaluate (-2 - (-7 + 6) - -2) + -40 + 45 + -71.
-65
What is -34 + 39 + -12 - -33 - 76?
-50
-70 + (15 - -7 - 53) + (8 - (1 + -3))
-91
What is 56 - (-79 + 98 - -52)?
-15
What is the value of (21 - 2) + -27 + 6 + 8 + 6 - -68?
80
What is 22 - (2 + (-8 + -1 + 8 - 2))?
23
What is 3 + 12 + -1 - (7 + 11)?
-4
Evaluate -34 - (119 + -21) - -109.
-23
Calculate (1 - (10 + 29) - -17) + -4 + (2 - 1).
-24
What is -5 + -5 - (134 + -129 + 0 + -1 + -2)?
-12
What is 12 + (2 + -23 - (-4 + -33))?
28
Calculate (45 - (37 + -31 + -18)) + -1 + -1 + 5.
60
(10 - -6) + 54 + (-64 - -33)
39
What is the value of -20 - (-52 - (165 - 93))?
104
-80 - ((-739 - -736) + -2 + 1 - 14)
-62
What is the value of -37 - (-54 + (-24 - -50))?
-9
Evaluate (433 - 431) + -61 + 0 + -5.
-64
Evaluate -11 + -3 - (-66 - 11 - -17) - 8.
38
Evaluate (-23 - (-11 - ((21 - 1) + 0))) + -5.
3
Calculate 7 - -7 - (10 + (-12 - 12) + 6).
22
59 + (8 - 52) + 43
58
What is 163 + -133 + -28 + 2 - (137 + 0) - -3?
-130
What is the value of (-155 + 36 - -122) + -141?
-138
What is the value of -2 - -43 - ((5 - -169) + -29)?
-104
Evaluate -70 + 83 + -23 + 69.
59
What is the value of 19 + -10 - ((-16 - 5) + 6 - -7)?
17
(20 - 38) + (18 - (10 + -1))
-9
Calculate -423 - -423 - (-12 + 5 + 10 - (41 - -1)).
39
What is -225 + 213 + (-1 - -9) + (-10 - -10) - 48?
-52
What is the value of 90 - 73 - (-7 + 2 + (-111 - -9))?
124
Evaluate (18 - 22) + (-2 - -12) + (0 - -47 - 2).
51
15 - ((29 - 23) + -10 + 3) - 35
-19
What is the value of 327 + -301 - (-4 - (-4 + -1))?
25
Evaluate (10 - (1 + 0)) + (97 - (-66 - -162)) + -79.
-69
What is the value of 36 + -18 - (-11 - (-17 + 3 + 13))?
28
Evaluate 91 + -101 + (-1 - -26) - -77.
92
What is the value of (5 - -5) + -16 - -2 - (-53 + -3 - 6)?
58
What is the value of (-19 - (-14 - 34)) + -8 + -74?
-53
What is the value of 59 + -93 + (-13 - -11 - -3)?
-33
-7374 + 7423 + 2 + -52
-1
Evaluate (-93 - (-9 - -29)) + (15 - -9).
-89
-1022 + 970 - (-4 + 31 + 3)
-82
Calculate -21 - 11 - -21 - (1 - 40).
28
What is -4 + 35 + -11 + 21 + -6 + 9?
44
136 - (180 + -41 + -61)
58
Calculate -22 - ((23 - 75) + -11 + 0).
41
Evaluate (-11 - -14) + -11 - (5 - 14).
1
What is -151 + 127 - ((-1 - 6) + -2)?
-15
Calculate (-18 - 41) + 148 + -51.
38
Evaluate -2145 - -2060 - (0 + 9 - 1).
-93
-8 + -31 + ((104 - 87) + (-12 - 0) - -3)
-31
What is -19 - (-13 + (-11 - (-9 + 17)))?
13
What is (-38 - -3 - 10) + -8 + 0 - 3?
-56
What is -4 + 4 - -2 - (48 - 10 - 22)?
-14
Calculate 30 + -33 + 52 + -1 + 11 + -2 - 2.
55
What is the value of (-14 + -1 + 10 - (-16 + 2)) + -53?
-44
What is the value of 55 + (-42 - -29) - 40?
2
What is the value of (-4 - -4 - (-45 + 1 + 7 - -1)) + -2?
34
Evaluate (-21 - -21) + 45 - 87.
-42
What is the value of 3 + 18 + 1 + (-20 - 49)?
-47
What is the value of (-5 - 45) + (11 + -1 + 0 - (201 - 188))?
-53
What is the value of -3 - -83 - ((48 - 38) + -3 + (-1 - 11))?
85
What is -58 + -14 - (-2 + 1) - 32?
-103
Evaluate 7 + -3 - 5 - (-34 + 1) - (804 + -796).
24
Calculate 25 + -1 + 0 + (-106 - -106).
24
What is the value of 2455 + -2470 - (-48 + -3)?
36
What is the value of -32 + (-10 - (0 - 15)) + 1 + -15?
-41
What is the value of 29 - (-2 - (-10 + 2 + 5 + 1))?
29
What is the value of 45 + 1 - ((18 - -10) + -25 + 3)?
40
What is 169 + -96 - (-14 + 8 + 16)?
63
-14 - 1 - (-131 + (173 - 52))
-5
What is the value of 15 - (80 - (14 - 0 - 3 - 6))?
-60
Evaluate 102 + -4 - (-6 - (14 - (26 - 2) - 11)).
83
What is -3 + (1 + -6 - -5) + 3 - (-19 + -37)?
56
31 + -9 + -32 + 105
95
Evaluate 1 + 32 - (18 + -30 - (-12 + 15)).